 d be 6/3*(-1099)/(-14). Let c = d + -49. Suppose -c = -4*f - 3*r, -21 = -3*f + 2*r + 77. What is the units digit of f?
0
Let s be ((-48)/20)/(3/(-30)). Suppose 0 = -3*d - s. Let q(x) = x**2 + 5*x + 7. What is the tens digit of q(d)?
3
Let d be 1/6 - 2/(-12)*17. Suppose d*j = 2*k + 463, -3*j + 5*j - 302 = 3*k. What is the units digit of j?
7
Suppose 3*c - 5919 = -3*v, 0 = -2*v - 4*c + 2301 + 1637. What is the units digit of v?
7
Let t = 1184 + -197. Suppose 6*c - t = -c. What is the tens digit of c?
4
Let q(w) = w**3 + 7*w**2 - 54*w - 21. What is the units digit of q(-11)?
9
Let h(o) = 5*o**2 - 15*o - 7. What is the tens digit of h(-7)?
4
Let r = -48 - -84. Let b = 55 - r. Let f = b - 18. What is the units digit of f?
1
Let i be (-6 - -3 - 3)*-4. Suppose 0*b + 2*b - i = 0. What is the units digit of (b/(-3))/(-4)*1?
1
What is the tens digit of (-622)/(-2) + 30/5?
1
Suppose 10*y + 5*j - 3625 = 5*y, -4*y + 2*j = -2894. What is the tens digit of y?
2
Let n(l) = l**2 - l - 8. Let f be n(4). Suppose f*x + 148 = 1428. What is the units digit of x?
0
Let i be 2 - 8/(-20)*-5. Suppose -2*j - 5*x + 154 + 59 = i, -x = -3. What is the units digit of j?
9
Let c = -7 + 11. Suppose 3*b + 2*r = 4*b - 111, 5*r + 429 = c*b. Suppose -13 + b = 4*p. What is the units digit of p?
2
Suppose -9*q + 8*q + 13515 = 4*z, 2*z + 4*q = 6768. What is the hundreds digit of z?
3
Let m = -38 + 42. Suppose 2*y + m = 14. What is the units digit of y?
5
Suppose 0 = -2*o - 2*o + 12. Suppose o*i = -i + 128. Suppose -3*h + 13 = -i. What is the tens digit of h?
1
Let i = 452 - 66. What is the tens digit of i?
8
Let p = 8 - 6. Let d(k) = -5*k**2 + 3*k**2 - k**3 - p*k + 3*k**2 + k + 12. What is the units digit of d(0)?
2
Let s be 0 + 5 + (-2356)/(-19). Let c(j) = -3*j**2 + j + 5. Let m be c(-5). Let o = s + m. What is the tens digit of o?
5
Let y(x) = x**3 - 5*x**2 - 6*x + 2. Let z be y(6). Suppose z*w - 4*w = -14. Let n(i) = 2*i**2 - 7*i. What is the units digit of n(w)?
9
Let f(t) = t**3 + 15*t**2 + 24*t - 14. What is the hundreds digit of f(-12)?
1
Suppose -4*k + 379 = -t, -25*k = -21*k + 4*t - 364. What is the tens digit of k?
9
Let x be 10 + -8 - -2*120. Suppose 0 + x = 2*y. What is the tens digit of y?
2
Suppose 6 = -3*r, h - 6*r + 2*r - 714 = 0. What is the tens digit of h?
0
Let m(h) = -12*h**3 - 5*h**2 - 5*h. Suppose -29 = -4*r - 37. What is the tens digit of m(r)?
8
Suppose -757 = -4*k + 1475. What is the units digit of k?
8
Let a(c) = -30*c - 27. Suppose 0 = -2*p + l - 10, -3*l - l = -5*p - 31. What is the tens digit of a(p)?
6
What is the tens digit of 30/3 - (-3 + -636)?
4
Let l(n) = -100*n + 5. Let i be (4 + 39/(-9))*3. What is the units digit of l(i)?
5
Suppose -39*n = -35*n + 8. Let d(w) = -90*w - 1. What is the units digit of d(n)?
9
Let j(c) = 3*c**2 + 17. What is the units digit of j(7)?
4
Suppose -6*d + 8 = -4*d. Suppose -7 = d*q - 27. Suppose 0 = -q*f, -2*f + 180 = 5*o + 2*f. What is the tens digit of o?
3
Suppose 0 = s - 2 - 19. Suppose 25*j - s*j = 124. What is the tens digit of j?
3
Let h = 52 - 68. What is the units digit of ((h/(-10))/(-4))/((-2)/660)?
2
Suppose 0 = 4*y - 5*y - 1, -3*y = 4*k - 17. Suppose -5*x + 3*p - 2*p + 220 = 0, 0 = -k*x - 2*p + 220. What is the tens digit of x?
4
Let z(s) = s**2 + 7*s + 2. Let o be z(-7). Suppose -4*m + o*m = -2. What is the units digit of (5 + -1 + 3)*m?
7
Let p = 64 + -126. Let w = p - -104. What is the units digit of w?
2
Let h(q) = 177*q + 254. What is the hundreds digit of h(4)?
9
Let l be 30/10 - (-1 + -100). Suppose 2*h + 4*d = l, d - 6*d = -5*h + 305. What is the units digit of h?
8
Let x = -16 + 9. Let k = x + 11. Suppose 16 + 4 = k*z. What is the units digit of z?
5
Let d(l) = -l**2 + 33*l + 100. What is the units digit of d(25)?
0
Let v(m) = m**2 - 8*m + 44. What is the tens digit of v(9)?
5
Suppose -b = 3*b - 88. Let d = -17 + b. What is the tens digit of 67/d + (-27)/(-45)?
1
Suppose 651 = 2*n - 2*c - 1233, 0 = 3*n - 2*c - 2825. What is the units digit of n?
1
Suppose 33*r = 76954 + 18614. What is the tens digit of r?
9
Let g = -52 + 52. Suppose 4*z + 4*p - 36 = g, 0 = -3*z + 4*z - 2*p - 24. What is the units digit of z?
4
Let n = -4875 - -8670. What is the tens digit of n?
9
Let g(i) = 31*i - 158. What is the units digit of g(13)?
5
Suppose 24*o = 33*o - 5976. What is the hundreds digit of o?
6
Let k(m) = -7*m**3 - 13*m**2 + 19*m + 10. Let u(a) = 3*a**3 + 7*a**2 - 9*a - 5. Let o(p) = -2*k(p) - 5*u(p). What is the units digit of o(-10)?
5
Suppose m - 12*y - 468 = -13*y, 5*m = 2*y + 2305. What is the hundreds digit of m?
4
Suppose 3*c - r = 906, 0 = -4*c + 6*r - 4*r + 1206. What is the hundreds digit of c?
3
Suppose 2*m = -m + 15. Suppose m*k - 192 - 28 = 0. What is the units digit of k?
4
Let p(k) = 47*k**3 - k**2 + 2*k + 1. Let f be p(2). Suppose 0 = -8*o + f - 73. What is the tens digit of o?
3
Let x be (-2 - (-2 - -4))*1. What is the units digit of (1 - (-206)/x)/((-3)/6)?
1
Let r be (34 - 1) + -3 - -4. Let k = -123 + 193. Let z = k - r. What is the units digit of z?
6
Let d(c) = c**2 - 7*c + 12. Let t be d(3). Suppose -3*l - 40 + 121 = t. What is the tens digit of l?
2
Let t(p) = 101*p**2 - 6*p + 35. What is the tens digit of t(-6)?
0
Suppose 8*h + 13 - 21 = 0. What is the units digit of ((-2)/h)/10 + (-782)/(-85)?
9
Let p(t) = t**2 - 2*t + 1. Let o be p(2). Let s = -3 - o. What is the units digit of (s/6)/(18/(-918))?
4
What is the units digit of 18321*8/288 + (-1)/(-12)?
9
Suppose -5*b = -3*b - 2196. What is the tens digit of b?
9
Let n(k) = -k**2 - 12*k - 13. Let i be n(-9). Let d = i + 1. What is the units digit of (-1)/(-4) - d/(-4)?
4
Suppose -16*x = -11*x + 1595. Let b = x + 492. What is the hundreds digit of b?
1
Let m(o) = o**2 - 2*o + 12. Suppose 4 = b - 13. What is the tens digit of m(b)?
6
Suppose 0 = -4*n, -3*p = 2*n - 1347 + 36. Suppose 223 = 2*j - p. What is the tens digit of j?
3
Let l = 252 - 138. What is the tens digit of l?
1
Let q = 4 - -13. Let w(r) be the third derivative of -r**5/60 + 3*r**4/4 + 4*r**3/3 + 3*r**2. What is the tens digit of w(q)?
2
Suppose -6*a - 507 + 8331 = 0. What is the thousands digit of a?
1
Let y be (-1 - 2)/(15/160). Let i(d) = 6*d**3 - d - 1. Let u be i(2). Let s = y + u. What is the tens digit of s?
1
Let m(x) = -60*x + 246. What is the tens digit of m(-11)?
0
What is the units digit of ((-2475)/(-6))/11*(-40)/(-6)?
0
Let d be 2/(-8) + (-5205)/(-20). What is the units digit of (5 + d)/5 - -1?
4
Let t(f) = 4*f**2 + 12*f + 3. Suppose -5*j - 10 = 0, 2*j - 32 = -r - 2*r. Suppose r*q = 11*q - 6. What is the tens digit of t(q)?
7
Suppose 0 = -31*l + 7*l + 121272. What is the tens digit of l?
5
Let b(j) be the first derivative of -j**4/4 - 2*j**3 + 3*j**2/2 + 26. Suppose -14 = 2*c - 0*c. What is the units digit of b(c)?
8
Let h = 130 + -56. What is the tens digit of h?
7
Suppose 38 = 4*x - 14. Let d = x + -10. Suppose 0*i - 45 = -d*w + i, 2*w - 23 = 3*i. What is the tens digit of w?
1
Let x(y) = -5*y**3 + 18*y**2 - 34*y. Let m(k) = 2*k**3 - 9*k**2 + 17*k. Let i(b) = -7*m(b) - 3*x(b). What is the tens digit of i(-10)?
7
Let b = 1368 + -909. Let o = b + -288. What is the tens digit of o?
7
Let u(j) = -j - 1. Suppose 3*m = 2*m + 3*d + 16, -3*m + 4*d = -33. Let s = -6 - m. What is the units digit of u(s)?
2
Suppose 19*r = 2860 + 3201. What is the hundreds digit of r?
3
What is the tens digit of (1*-2 - (-930)/15)*10?
0
Let h(v) = -v + 1. Let f be h(-3). Suppose -3*t + y + 256 = 71, f*t + y = 235. Suppose -t - 8 = -4*a. What is the units digit of a?
7
Let k(p) = -24*p**3 - 3*p**2 + 3*p + 2. Let m be k(2). Let n = -134 - m. What is the tens digit of n?
6
Let u(s) = 2*s + 9. Let f be u(3). What is the units digit of (-1)/(-4) - (-3 - f/4)?
7
Suppose 4*t - 14 = -5*i + 21, -2*t = -4*i - 24. Let a = -6 + t. What is the units digit of ((-10)/(-15))/(a/90)?
5
Suppose 172 + 212 = 8*z. What is the tens digit of z?
4
Suppose -m - 51 = -266. What is the units digit of m?
5
Let q(s) be the third derivative of s**5/60 + 5*s**4/12 + s**3/6 + s**2. Let d be q(-9). Let n = 11 + d. What is the units digit of n?
3
Let x(z) = 12*z**3 - 37*z - 4*z**2 - 33*z + 73*z. What is the tens digit of x(2)?
8
Let n = 4 - 0. Suppose n*h + 3 = h + 3*d, 3*d = h - 3. Let c(v) = -8*v - 2. What is the